
What are the prime factors of 75522314?
2, 7, 139, 197
List the prime factors of 124048983.
3, 17, 373, 6521
What are the prime factors of 2762597990?
2, 5, 1291, 213989
List the prime factors of 3398997462.
2, 3, 7, 751, 107761
List the prime factors of 17611624.
2, 137, 16069
List the prime factors of 721240833.
3, 211, 547, 2083
List the prime factors of 477380742.
2, 3, 101, 787757
What are the prime factors of 3164150037?
3, 18803, 56093
List the prime factors of 130862800.
2, 5, 479, 683
List the prime factors of 1068343303.
4133, 258491
List the prime factors of 714863366.
2, 7, 1217, 41957
What are the prime factors of 89328175?
5, 37, 269, 359
List the prime factors of 2966413116.
2, 3, 247201093
What are the prime factors of 8601149662?
2, 7, 97, 2477, 2557
What are the prime factors of 3147043284?
2, 3, 7, 11, 349, 3253
List the prime factors of 322331017.
322331017
List the prime factors of 2127710783.
11, 4903, 39451
List the prime factors of 117702727.
117702727
What are the prime factors of 108878931?
3, 7, 17, 47, 103
What are the prime factors of 199053646?
2, 11, 17, 167, 3187
What are the prime factors of 341741674?
2, 67, 263, 9697
List the prime factors of 106755667.
1109, 96263
List the prime factors of 2947925957.
2947925957
What are the prime factors of 2186853171?
3, 2237, 325861
List the prime factors of 5644446.
2, 3, 773, 1217
List the prime factors of 53588720.
2, 5, 669859
What are the prime factors of 763539995?
5, 53, 643, 4481
List the prime factors of 4034053871.
37, 3307, 32969
What are the prime factors of 1259481313?
191, 6594143
List the prime factors of 681273787.
3643, 187009
List the prime factors of 14187645.
3, 5, 315281
What are the prime factors of 158352566?
2, 79176283
What are the prime factors of 49495678?
2, 23, 199, 5407
What are the prime factors of 3515519844?
2, 3, 71, 233, 5903
What are the prime factors of 240279552?
2, 3, 3259
List the prime factors of 2241492423.
3, 59, 3461, 3659
What are the prime factors of 136796977?
17, 8046881
What are the prime factors of 192543838?
2, 8663, 11113
List the prime factors of 28535810.
2, 5, 31, 92051
What are the prime factors of 41347458?
2, 3, 19, 120899
What are the prime factors of 6738895236?
2, 3, 89, 6309827
What are the prime factors of 208429952?
2, 1628359
List the prime factors of 1118754586.
2, 7331, 76303
What are the prime factors of 584588214?
2, 3, 7, 17, 272917
List the prime factors of 1577457279.
3, 43, 199, 20483
What are the prime factors of 725501779?
467, 1553537
List the prime factors of 2998156955.
5, 367, 1633873
List the prime factors of 16479902.
2, 17, 484703
List the prime factors of 2917157731.
2389, 1221079
What are the prime factors of 421099291?
421099291
What are the prime factors of 329722370?
2, 5, 32972237
What are the prime factors of 79922370?
2, 3, 5, 11, 127, 1907
List the prime factors of 1562850239.
17, 107, 859181
What are the prime factors of 463122299?
31, 103, 145043
What are the prime factors of 3552193195?
5, 12011, 59149
List the prime factors of 12358398.
2, 3, 13, 19, 31, 269
List the prime factors of 117217425.
3, 5, 13, 120223
What are the prime factors of 445396251?
3, 31, 59, 81173
List the prime factors of 2265666862.
2, 1193, 949567
What are the prime factors of 76379608?
2, 73, 130787
What are the prime factors of 2218238659?
7, 13, 17, 101, 14197
List the prime factors of 323274235.
5, 101, 277, 2311
What are the prime factors of 332357363?
13, 43, 457, 1301
What are the prime factors of 5572777?
7, 31, 61, 421
What are the prime factors of 57246345?
3, 5, 13, 83, 131
What are the prime factors of 324180747?
3, 11, 3274553
What are the prime factors of 1011629807?
2377, 425591
What are the prime factors of 479139856?
2, 13, 29, 79433
List the prime factors of 3019390885.
5, 7, 86268311
What are the prime factors of 28150041?
3, 73, 173, 743
List the prime factors of 68720201.
11, 2029, 3079
List the prime factors of 35970289.
35970289
List the prime factors of 8820361.
11, 131, 6121
What are the prime factors of 1509556500?
2, 3, 5, 37273
What are the prime factors of 2654188898?
2, 101, 13139549
List the prime factors of 110618382.
2, 3, 7, 37, 10169
What are the prime factors of 50632473?
3, 19, 251, 3539
What are the prime factors of 171261596?
2, 11, 3892309
List the prime factors of 4189655233.
41, 4597, 22229
List the prime factors of 5175760425.
3, 5, 11, 6273649
List the prime factors of 26783296.
2, 17, 103, 239
What are the prime factors of 154051009?
7, 22007287
What are the prime factors of 2447000237?
11, 197, 1129211
What are the prime factors of 4616065867?
7, 43, 73, 421, 499
List the prime factors of 1441711824.
2, 3, 7, 179, 23971
What are the prime factors of 2147030692?
2, 233, 2303681
What are the prime factors of 953583298?
2, 18719, 25471
List the prime factors of 696395931.
3, 7, 11, 3014701
List the prime factors of 44173407.
3, 14724469
List the prime factors of 499792017.
3, 19, 8768281
What are the prime factors of 1881294565?
5, 5557, 67709
List the prime factors of 86876458.
2, 41, 79, 13411
List the prime factors of 290991383.
290991383
List the prime factors of 43438032.
2, 3, 11, 277
List the prime factors of 6888252.
2, 3, 7, 82003
List the prime factors of 42256949.
7, 971, 6217
What are the prime factors of 37636306?
2, 2389, 7877
What are the prime factors of 8575391946?
2, 3, 11, 877, 148153
What are the prime factors of 153377771?
181, 227, 3733
List the prime factors of 638225241.
3, 31, 1433, 4789
List the prime factors of 1430216733.
3, 11, 358181
What are the prime factors of 81051170?
2, 5, 73, 111029
What are the prime factors of 56610429?
3, 23, 820441
What are the prime factors of 55473829?
107, 518447
What are the prime factors of 1534799074?
2, 29, 26462053
What are the prime factors of 3395630005?
5, 679126001
List the prime factors of 27062477.
13, 79, 2027
List the prime factors of 74571219.
3, 19, 61, 2383
What are the prime factors of 73236553?
13, 1871, 3011
List the prime factors of 442430101.
442430101
List the prime factors of 22038124.
2, 173, 31847
What are the prime factors of 52114496?
2, 7, 61, 1907
What are the prime factors of 1075519780?
2, 5, 1601, 33589
What are the prime factors of 265607619?
3, 2473, 35801
List the prime factors of 99328197.
3, 33109399
List the prime factors of 133244365.
5, 1571, 16963
What are the prime factors of 2864019687?
3, 43, 197, 251, 449
What are the prime factors of 102347152?
2, 41, 89, 1753
What are the prime factors of 28703304?
2, 3, 7, 56951
List the prime factors of 696150718.
2, 348075359
What are the prime factors of 313109268?
2, 3, 257, 101527
What are the prime factors of 2589025425?
3, 5, 7, 4931477
What are the prime factors of 116664170?
2, 5, 7, 263, 6337
List the prime factors of 30807400.
2, 5, 13, 17, 41
List the prime factors of 149517122.
2, 74758561
What are the prime factors of 49831005?
3, 5, 7, 474581
List the prime factors of 4577549.
4577549
List the prime factors of 455404172.
2, 113851043
What are the prime factors of 112060375?
5, 7, 83, 1543
List the prime factors of 1770620104.
2, 11, 131, 13963
List the prime factors of 3424274073.
3, 11, 34588627
List the prime factors of 180848830.
2, 5, 587, 30809
List the prime factors of 165940807.
239, 694313
List the prime factors of 70143863.
79, 137, 6481
What are the prime factors of 177401358?
2, 3, 17, 181, 3203
What are the prime factors of 412161398?
2, 11, 29, 113, 5717
What are the prime factors of 339700382?
2, 7, 1499, 16187
What are the prime factors of 94971928?
2, 17, 397, 1759
What are the prime factors of 929201488?
2, 58075093
List the prime factors of 107138497.
503, 212999
What are the prime factors of 1251045667?
1251045667
List the prime factors of 693546242.
2, 41, 8457881
What are the prime factors of 657685780?
2, 5, 29, 71, 15971
What are the prime factors of 242451?
3, 11, 31, 79
List the prime factors of 106210297.
23, 4617839
What are the prime factors of 357427632?
2, 3, 71, 104879
What are the prime factors of 64582227?
3, 89, 80627
What are the prime factors of 32120795?
5, 7, 917737
What are the prime factors of 6978322138?
2, 191, 641, 28499
List the prime factors of 76715605.
5, 